-22 + p. List the prime factors of a.
2
Suppose 5*i = -3*i + 840. Suppose 7*y + i = 665. What are the prime factors of y?
2, 5
Let q = -55 - -90. Suppose -i - 4 = -q. Suppose 3*m = 2*m + 3*j + i, 5*m - 145 = 5*j. List the prime factors of m.
2, 7
Suppose 7 = -5*y + 142. Let a be y*((-5)/1)/(-1). Suppose 14*z - 17*z = -a. What are the prime factors of z?
3, 5
Suppose -10000 = -10*q + 5550. List the prime factors of q.
5, 311
Suppose -476 = -3*f + 5*b, -4*f - 7 + 659 = 2*b. Suppose 2*p - f + 30 = 0. What are the prime factors of (-16)/(-6)*p/4?
2, 11
What are the prime factors of (-10 - -8)/(-2)*(1 - -462)?
463
Let g(i) = -3*i. Let j be -3 - 4/(-2) - 3. Let h be g(j). What are the prime factors of ((-21)/h - 2)*-4?
3, 5
Suppose 3*b - 3*s - 2475 = -1050, -4*s = -3*b + 1420. Suppose 0 = -30*g + 25*g + b. List the prime factors of g.
2, 3
Let t(r) = r**3 - 21*r**2 - 24*r - 19. What are the prime factors of t(24)?
11, 103
Let h = -7 - -12. Let n be (-9478)/(-91) + 4/(-26). Suppose -h*c = -16 - n. What are the prime factors of c?
2, 3
Suppose 7*r - 107 - 54 = 0. Suppose 2 = -0*k + k. Suppose -k*n = -21 - r. What are the prime factors of n?
2, 11
Suppose 7 - 6 = c + 2*y, 2*c - 5*y - 47 = 0. Let l = c + 104. List the prime factors of l.
5, 23
Let x(j) = 28*j**2 + 15*j + 70. What are the prime factors of x(-4)?
2, 229
What are the prime factors of (-2)/(-15) + (-54156)/(-180) - -5?
2, 3, 17
Let j = -296 - -784. List the prime factors of j.
2, 61
Suppose -t - 5 = -0. Let b be ((-4)/t)/(4/10). What are the prime factors of 7 - (b/2 - -2)?
2
Let l be 7/(7/338) - (1 + 2). Suppose s + 4*s - l = 0. What are the prime factors of s?
67
Suppose 4*i + 0*k - 70 = -k, 0 = -k - 2. Let a be (-536)/(-18) + 4/i. Suppose 0 = 2*x + 5*n - a, -x + 10 = 2*n - 6. What are the prime factors of x?
2, 5
Let q = -18 - -28. Suppose 9*d = q*d - 15. List the prime factors of ((-30)/9)/((-2)/d).
5
Let j(t) = -8*t + 5. Let r be j(-4). Suppose 0 = -5*h + v + 28, -7*h + 2*h = -4*v - r. Suppose -h*q = 5 - 65. List the prime factors of q.
2, 3
Suppose -10*o + 1216 - 256 = 0. List the prime factors of o.
2, 3
Let d(q) = -920*q + 161. Let l(a) be the first derivative of -23*a**2/2 + 4*a - 7. Let g(y) = 4*d(y) - 161*l(y). List the prime factors of g(2).
2, 23
Suppose m - 5*x - 823 = 0, -m - 2*x - 104 + 955 = 0. What are the prime factors of m?
3, 281
List the prime factors of (77/(-33))/(5/(-2775)).
5, 7, 37
Let n be 6/(-2*3/6). Suppose 4*t - 3*y = -6, 2*y - 21 = 5*t + 5*y. What are the prime factors of -3*t/n*-22?
3, 11
Let v(r) = 3*r - 12. Let d be v(8). Suppose -l + 27 = d. List the prime factors of l.
3, 5
Suppose -3*y - y = -20, -4*r = 5*y + 319. Let x = 177 + r. List the prime factors of x.
7, 13
Let s be 53 - (-1 - (-2 - 0)). Suppose 10*q - s = 6*q. What are the prime factors of q?
13
Suppose -362637 = -140*t + 59*t. What are the prime factors of t?
11, 37
Suppose 15*z - 2596 - 2384 = 0. List the prime factors of z.
2, 83
Suppose -3*a - 23 = -h, 2*a - 2*h = 3*h - 37. Let r be (-88)/a*12/8. Suppose r - 1 = j. What are the prime factors of j?
3, 7
Let k(b) = b**3 + 7*b**2 - b - 7. Let y be k(-7). Suppose 4*u + 3*h + 75 = y, -u - 14 + 5 = 4*h. Let o = 71 + u. List the prime factors of o.
2, 5
Let p = 1982 - 979. List the prime factors of p.
17, 59
Suppose -4*s + 12 = -2*s. Suppose 4*u - 38 = s. What are the prime factors of u?
11
Let w be 8/20 - (-33)/5. Suppose -3*h - 11 - w = 0. What are the prime factors of h/(-24) + (-310)/(-8)?
3, 13
Suppose -o - 481 = -2*u + 447, -u + 2*o + 458 = 0. List the prime factors of u.
2, 233
Let r(p) = p**3 - 8*p**2 + 11*p - 4. Let y be r(7). Suppose -y*q + 26*q = 48. List the prime factors of q.
2, 3
Let y = 52 + 28. Suppose -15*o = -19*o + y. Let d = 75 - o. What are the prime factors of d?
5, 11
Let a be ((-2)/3)/((-2)/6). List the prime factors of 3/((-9)/3 + a) + 89.
2, 43
Let a(g) = -10*g - 3. Let x be a(-1). Suppose -34 = -d - x. What are the prime factors of d?
3
Let u(s) be the first derivative of 3*s**4/4 - s**3 + 2*s**2 + s - 2. Let y be u(3). Let i = y - 23. What are the prime factors of i?
2, 11
Let l = 1079 - 766. List the prime factors of l.
313
Suppose 4*m + 2*d = 20, 4*d - 2*d = 0. Suppose 0 = -m*z + 25, 5*v + 0*z = 3*z - 140. Let p = v - -50. List the prime factors of p.
5
Let p(a) = -a**2 - 14*a - 12. Let l be p(-9). What are the prime factors of (-4)/(-12)*l + -4?
7
Suppose 16*w - 149 = 15*w + t, -4*w - t = -591. List the prime factors of w.
2, 37
Let t = 321 + -272. What are the prime factors of t?
7
List the prime factors of 213/1 - 0/(1 + -4).
3, 71
Suppose 4*z + 18 = 30, 4*z = 4*b - 4656. List the prime factors of b.
3, 389
Suppose 3*b = 2*b + 69. Let z(t) = -t**3 - 7*t**2 + 9*t + 10. Let x be z(-8). Suppose 4*l = -x*q + 150, 0 = l - 3*l + q + b. List the prime factors of l.
2, 3
Suppose -v = 4*c - 3869, -v - 11 = -16. What are the prime factors of c?
2, 3, 7, 23
Suppose 11*g + 10 = 12*g. Suppose 0 = g*x - 13*x + 138. What are the prime factors of x?
2, 23
Suppose 7*k - 2*k + 45 = 0. Let l(t) = -t**3 - 9*t**2 - t - 6. Let z be l(k). Suppose 0 = -q + z*u - 5, 5*q + 0*u + u = 55. What are the prime factors of q?
2, 5
Let k be 48*-2*2/8. Let m be 1/6 - (-292)/k. Let r = 39 + m. What are the prime factors of r?
3
Let p be ((-8)/(-18) - 14/(-63))*-3. Let d(a) = -62*a + 5. What are the prime factors of d(p)?
3, 43
Suppose -112 - 148 = -5*b. Let g(k) = -k - 6. Let q be g(-6). Suppose -2*h - b = -2*w, q*w + 2*h + 96 = 4*w. List the prime factors of w.
2, 11
Suppose 5*x - 3*p = -3, 4*x + 25 = x - 4*p. List the prime factors of 74 - (-1)/1*x.
71
Suppose 35621 = 13*b + 9127. List the prime factors of b.
2, 1019
List the prime factors of (172/8)/(-5 + (-393)/(-78)).
13, 43
Let j(l) = l**3 + l**2 + 2*l + 83. Let k be j(0). Let x = -22 + k. What are the prime factors of x?
61
Suppose -25*z + 5*s = -22*z - 792, 3*z = 3*s + 798. What are the prime factors of z?
269
Suppose -o = -5*m + 585, m - 117 = -o - 3*o. List the prime factors of m.
3, 13
Suppose -h + 3 = -18. Suppose -3*i - 2 + h = -2*j, 0 = 5*j - 4*i + 30. What are the prime factors of 30 + -2 + j + 1?
3
Let u(x) = 27*x**3 + 2*x**2 - 7*x + 9. List the prime factors of u(2).
3, 73
Suppose -4*t = 0, -9 = -2*a - 4*t - 1. Suppose -5*q = a*v - 833, 3*q = 5*v + 5*q - 1037. List the prime factors of v.
3, 23
Let n = 690 + -683. Suppose -l + 13 = 2*d, 44 = 7*l - 3*l + 4*d. Let v = l - n. What are the prime factors of v?
2
What are the prime factors of ((-1567)/(-2))/(-7 - (-45)/6)?
1567
Let i(a) = -20 - 11*a - 22*a - 5*a - 19. List the prime factors of i(-5).
151
Let w = -5 - -3. Suppose -4*z = -8, -7*g = -9*g - z + 32. List the prime factors of g - (1 + -3)*w.
11
Suppose -5*s = -4*y + 2860, s = -5*y - 4*s + 3530. List the prime factors of y.
2, 5, 71
Let z(p) be the first derivative of p**4/4 + p**3/3 - p - 6. Let m(x) = 6*x**3 + 9*x**2 - 4*x - 8. Let l(q) = m(q) - 5*z(q). List the prime factors of l(-4).
13
Let d(o) = o**3 - 14*o**2 - 12*o + 22. What are the prime factors of d(18)?
2, 19, 29
Suppose 15*p + 2 + 1093 = 0. Let o = p + 136. What are the prime factors of o?
3, 7
Let i = 3769 - 2652. List the prime factors of i.
1117
Let u(r) = -8*r - 14. Let m(n) = n - 1. Let z(y) = m(y) + u(y). What are the prime factors of z(-9)?
2, 3
Suppose 0 = -0*m - 4*m - 5*q + 3639, 2728 = 3*m + 4*q. What are the prime factors of m?
2, 229
Let f(g) = -g**3 - 22*g**2 - 21*g + 8. Let o be f(-21). Suppose h - o = -h - i, -20 = -2*h - 4*i. What are the prime factors of h?
2
Let p(i) = 2*i + 1. Let u be p(2). Suppose -4*h = -4*q - 300, -u*q + q + 12 = 0. What are the prime factors of (-13)/h + (-277)/(-6)?
2, 23
Suppose -u = -2*u + 9. Suppose 0 = -4*g - 1 + u, 5*d = 4*g + 32. What are the prime factors of ((-56)/(-12))/(d/36)?
3, 7
Let q = 1847 - -55. List the prime factors of q.
2, 3, 317
Suppose 0 = -4*u + 5*u + 2*s - 2324, 0 = -3*u - 3*s + 6963. List the prime factors of (-4)/(-18) + u/18.
3, 43
Suppose 12*h = -2*j + 11*h + 494, 3*j - 5*h - 767 = 0. List the prime factors of j.
3, 83
Suppose p + 3*x + x = -12, -x - 38 = 2*p. What are the prime factors of ((-24)/p)/((-232)/(-115) - 2)?
3, 23
List the prime factors of ((-145)/(-2) + -7)/((-2)/(-20)).
5, 131
Let p be (-4 - (-9)/2)*78. Let q = p - -14. What are